illions digit of 427572286?
4
What is the hundreds digit of 111031840?
8
What is the ten millions digit of 39942042?
3
What is the ten millions digit of 65526794?
6
What is the units digit of 75581171?
1
What is the hundred millions digit of 292286834?
2
What is the thousands digit of 121815409?
5
What is the millions digit of 80197751?
0
What is the ten millions digit of 4756554182?
5
What is the units digit of 83835867?
7
What is the ten thousands digit of 519958657?
5
What is the units digit of 369365681?
1
What is the millions digit of 860337315?
0
What is the units digit of 1334985084?
4
What is the units digit of 2012074753?
3
What is the millions digit of 1334715370?
4
What is the ten millions digit of 104679165?
0
What is the hundreds digit of 2184479211?
2
What is the billions digit of 1893686121?
1
What is the ten thousands digit of 697040955?
4
What is the billions digit of 3288036953?
3
What is the ten thousands digit of 387022089?
2
What is the ten thousands digit of 533800908?
0
What is the ten millions digit of 2815423796?
1
What is the ten millions digit of 187782103?
8
What is the ten millions digit of 30253224?
3
What is the thousands digit of 36958863?
8
What is the ten thousands digit of 235715936?
1
What is the hundreds digit of 392857262?
2
What is the hundreds digit of 7118509?
5
What is the hundred thousands digit of 43256812?
2
What is the ten millions digit of 36860598?
3
What is the thousands digit of 25073541?
3
What is the millions digit of 17249060?
7
What is the units digit of 120816820?
0
What is the ten thousands digit of 2404719?
0
What is the tens digit of 170030794?
9
What is the hundred millions digit of 5295770459?
2
What is the millions digit of 90531296?
0
What is the tens digit of 284044302?
0
What is the hundred millions digit of 774536281?
7
What is the ten millions digit of 53703939?
5
What is the hundred thousands digit of 4468415730?
4
What is the billions digit of 1725671115?
1
What is the thousands digit of 84328385?
8
What is the thousands digit of 1339694820?
4
What is the hundreds digit of 968059683?
6
What is the units digit of 76709657?
7
What is the tens digit of 1750692404?
0
What is the thousands digit of 782434499?
4
What is the hundreds digit of 71294743?
7
What is the units digit of 305383352?
2
What is the tens digit of 35615317?
1
What is the ten millions digit of 2740132801?
4
What is the thousands digit of 1638836295?
6
What is the hundred millions digit of 612934706?
6
What is the hundreds digit of 44802218?
2
What is the millions digit of 143820097?
3
What is the tens digit of 384132776?
7
What is the ten millions digit of 375848694?
7
What is the hundred thousands digit of 306890965?
8
What is the billions digit of 3489242734?
3
What is the hundred thousands digit of 26716013?
7
What is the tens digit of 353318309?
0
What is the ten thousands digit of 244471059?
7
What is the ten thousands digit of 48439093?
3
What is the tens digit of 62651642?
4
What is the hundred thousands digit of 66830791?
8
What is the millions digit of 1032299624?
2
What is the ten thousands digit of 317525010?
2
What is the millions digit of 495953248?
5
What is the billions digit of 1499217944?
1
What is the ten thousands digit of 233456275?
5
What is the tens digit of 626917630?
3
What is the tens digit of 218418626?
2
What is the billions digit of 3450618508?
3
What is the hundred millions digit of 190582734?
1
What is the hundreds digit of 173727505?
5
What is the thousands digit of 7210941383?
1
What is the ten thousands digit of 1729280222?
8
What is the hundred thousands digit of 487691026?
6
What is the millions digit of 1264431206?
4
What is the units digit of 1269877266?
6
What is the hundred thousands digit of 130949221?
9
What is the ten millions digit of 75610924?
7
What is the ten millions digit of 92875765?
9
What is the millions digit of 683116237?
3
What is the hundreds digit of 3888040178?
1
What is the hundred millions digit of 2844890804?
8
What is the hundred thousands digit of 89607451?
6
What is the thousands digit of 3185276166?
6
What is the hundred millions digit of 2287644161?
2
What is the hundred thousands digit of 19014325?
0
What is the units digit of 724348287?
7
What is the ten millions digit of 45133052?
4
What is the hundred thousands digit of 167950317?
9
What is the tens digit of 2314218721?
2
What is the ten thousands digit of 271909152?
0
What is the ten thousands digit of 69223598?
2
What is the thousands digit of 12782440?
2
What is the ten thousands digit of 86039412?
3
What is the millions digit of 34829274?
4
What is the millions digit of 2031503363?
1
What is the ten thousands digit of 4985090024?
9
What is the millions digit of 47328964?
7
What is the millions digit of 766771192?
6
What is the hundred millions digit of 118300632?
1
What is the hundred thousands digit of 2381858610?
8
What is the ten thousands digit of 2565174808?
7
What is the ten millions digit of 4291795529?
9
What is the hundreds digit of 9995181?
1
What is the ten millions digit of 300872646?
0
What is the hundred thousands digit of 119872673?
8
What is the thousands digit of 4842039515?
9
What is the units digit of 111651363?
3
What is the ten thousands digit of 47304614?
0
What is the thousands digit of 18113537?
3
What is the ten thousands digit of 1558105097?
0
What is the hundred millions digit of 1850086300?
8
What is the hundred millions digit of 186703529?
1
What is the ten thousands digit of 424793362?
9
What is the units digit of 3634505?
5
What is the units digit of 791358575?
5
What is the hundreds digit of 1104143118?
1
What is the hundred millions digit of 438656891?
4
What is the hundred thousands digit of 493306548?
3
What is the tens digit of 25709484?
8
What is the thousands digit of 32767693?
7
What is the thousands digit of 169391011?
1
What is the ten thousands digit of 19830826?
3
What is the units digit of 202144208?
8
What is the hundred thousands digit of 234349103?
3
What is the hundred millions digit of 250120230?
2
What is the hundreds digit of 31251582?
5
What is the hundred thousands digit of 3634138352?
1
What is the ten millions digit of 812964262?
1
What is the ten millions digit of 306464715?
0
What is the ten thousands digit of 1607544242?
4
What is the units digit of 20930913?
3
What is the hundred millions digit of 1863273858?
8
What is the hundred millions digit of 1181862817?
1
What is the ten millions digit of 2014435953?
1
What is the millions digit of 126368635?
6
What is the hundred thousands digit of 12286433?
2
What is the tens digit of 44735003?
0
What is the hundred millions digit of 107634630?
1
What is the tens digit of 65267837?
3
What is the ten millions digit of 804719851?
0
What is the hundred millions digit of 147373338?
1
What is the ten millions digit of 152726317?
5
What is the ten millions digit of 32027881?
3
What is the ten thousands digit of 270346644?
4
What is the millions digit of 656002711?
6
What is the ten thousands digit of 38010717?
1
What is the ten thousands digit of 4151980507?
8
What is the hundred thousands digit of 98059779?
0
What is the ten millions digit of 72385240?
7
What is the units digit of 7936383?
3
What is the tens digit of 53740023?
2
What is the hundreds digit of 863362182?
1
What is the units digit of 196129931?
1
What is the hundreds digit of 12467534?
5
What is the hundred millions digit of 166292675?
1
What is the hundred thousands digit of 2731220700?
2
What is the hundreds digit of 2455430080?
0
What is the ten thousands digit of 97760653?
6
What is the tens digit of 124299992?
9
What is the thousands digit of 1051269736?
9
What is the hundred thousands digit of 52822677?
8
What is the hundreds digit of 49131685?
6
What is the hundreds digit of 1681214300?
3
What is the tens digit of 86871768?
6
What is the tens digit of 3743989539?
3
What is the tens digit of 40907374?
7
What is the millions digit of 164967348?
4
What is the tens digit of 40559701?
0
What is the billions digit of 4880480814?
4
What is the hundred millions digit of 670461612?
6
What is the thousands digit of 2070457?
0
What is the ten millions digit of 129219402?
2
What is the hundred millions digit of 190353817?
1
What is 